{"id":20,"date":"2018-11-11T13:53:09","date_gmt":"2018-11-11T13:53:09","guid":{"rendered":"http:\/\/wdbbfkjasdwqgjk.tig-immobilien.de\/?page_id=20"},"modified":"2019-04-15T21:07:39","modified_gmt":"2019-04-15T21:07:39","slug":"ueber-uns","status":"publish","type":"page","link":"https:\/\/tig-immobilien.de\/?page_id=20","title":{"rendered":"\u00dcber uns"},"content":{"rendered":"<h4><strong>Christian Tellenbach<\/strong><\/h4>\n<p>Inhaber &amp; Gesch\u00e4ftsf\u00fchrer der Tellenbach Immobilien-Gruppe<br \/>\nInhaber &amp; Gesch\u00e4ftsf\u00fchrer der ProCon Grundbesitz GmbH &amp; CO. KG<br \/>\nInhaber &amp; Gesch\u00e4ftsf\u00fchrer der Christian Tellenbach Grundbesitz<\/p>\n<h4><strong>Norbert Schneck<\/strong><\/h4>\n<p>Gesch\u00e4ftsf\u00fchrer der Tellenbach Immobilien-Gruppe<br \/>\nGesch\u00e4ftsf\u00fchrer der Fa. Norbert Schneck e.K.<\/p>\n<h4><strong>Susanne Tellenbach<\/strong><\/h4>\n<p>Prokuristin ProCon Grundbesitz GmbH &amp; CO. KG<\/p>\n<h4><strong>Susanne Schneck<\/strong><\/h4>\n<p>Prokuristin ProCon Grundbesitz GmbH &amp; CO. KG<\/p>\n<h4><strong>Unser Team<\/strong><\/h4>\n<p><img decoding=\"async\" loading=\"lazy\" class=\"size-large wp-image-562\" src=\"https:\/\/tig-immobilien.de\/wp-content\/uploads\/2019\/04\/Gruppenfoto-1024x726.jpg\" alt=\"\" width=\"525\" height=\"372\" srcset=\"https:\/\/tig-immobilien.de\/wp-content\/uploads\/2019\/04\/Gruppenfoto-1024x726.jpg 1024w, https:\/\/tig-immobilien.de\/wp-content\/uploads\/2019\/04\/Gruppenfoto-300x213.jpg 300w, https:\/\/tig-immobilien.de\/wp-content\/uploads\/2019\/04\/Gruppenfoto-768x544.jpg 768w\" sizes=\"(max-width: 525px) 100vw, 525px\" \/><\/p>\n<h4><em>\u00a0<\/em><a href=\"https:\/\/tig-immobilien.de\/?page_id=23\"><strong>Unsere Geschichte<\/strong><\/a><\/h4>\n","protected":false},"excerpt":{"rendered":"<p>Christian Tellenbach Inhaber &amp; Gesch\u00e4ftsf\u00fchrer der Tellenbach Immobilien-Gruppe Inhaber &amp; Gesch\u00e4ftsf\u00fchrer der ProCon Grundbesitz GmbH &amp; CO. KG Inhaber &amp; Gesch\u00e4ftsf\u00fchrer der Christian Tellenbach Grundbesitz Norbert Schneck Gesch\u00e4ftsf\u00fchrer der Tellenbach Immobilien-Gruppe Gesch\u00e4ftsf\u00fchrer der Fa. Norbert Schneck e.K. Susanne Tellenbach Prokuristin ProCon Grundbesitz GmbH &amp; CO. KG Susanne Schneck Prokuristin ProCon Grundbesitz GmbH &amp; CO. KG &hellip; <\/p>\n<p class=\"link-more\"><a href=\"https:\/\/tig-immobilien.de\/?page_id=20\" class=\"more-link\"><span class=\"screen-reader-text\">\u201e\u00dcber uns\u201c<\/span> weiterlesen<\/a><\/p>\n","protected":false},"author":1,"featured_media":0,"parent":0,"menu_order":0,"comment_status":"closed","ping_status":"closed","template":"","meta":[],"_links":{"self":[{"href":"https:\/\/tig-immobilien.de\/index.php?rest_route=\/wp\/v2\/pages\/20"}],"collection":[{"href":"https:\/\/tig-immobilien.de\/index.php?rest_route=\/wp\/v2\/pages"}],"about":[{"href":"https:\/\/tig-immobilien.de\/index.php?rest_route=\/wp\/v2\/types\/page"}],"author":[{"embeddable":true,"href":"https:\/\/tig-immobilien.de\/index.php?rest_route=\/wp\/v2\/users\/1"}],"replies":[{"embeddable":true,"href":"https:\/\/tig-immobilien.de\/index.php?rest_route=%2Fwp%2Fv2%2Fcomments&post=20"}],"version-history":[{"count":17,"href":"https:\/\/tig-immobilien.de\/index.php?rest_route=\/wp\/v2\/pages\/20\/revisions"}],"predecessor-version":[{"id":566,"href":"https:\/\/tig-immobilien.de\/index.php?rest_route=\/wp\/v2\/pages\/20\/revisions\/566"}],"wp:attachment":[{"href":"https:\/\/tig-immobilien.de\/index.php?rest_route=%2Fwp%2Fv2%2Fmedia&parent=20"}],"curies":[{"name":"wp","href":"https:\/\/api.w.org\/{rel}","templated":true}]}}

Über uns

<h4><strong>Christian Tellenbach</strong></h4>
<p>Inhaber &amp; Geschäftsführer der Tellenbach Immobilien-Gruppe<br />
Inhaber &amp; Geschäftsführer der ProCon Grundbesitz GmbH &amp; CO. KG<br />
Inhaber &amp; Geschäftsführer der Christian Tellenbach Grundbesitz</p>
<h4><strong>Norbert Schneck</strong></h4>
<p>Geschäftsführer der Tellenbach Immobilien-Gruppe<br />
Geschäftsführer der Fa. Norbert Schneck e.K.</p>
<h4><strong>Susanne Tellenbach</strong></h4>
<p>Prokuristin ProCon Grundbesitz GmbH &amp; CO. KG</p>
<h4><strong>Susanne Schneck</strong></h4>
<p>Prokuristin ProCon Grundbesitz GmbH &amp; CO. KG</p>
<h4><strong>Unser Team</strong></h4>
<p><img decoding="async" loading="lazy" class="size-large wp-image-562" src="https://tig-immobilien.de/wp-content/uploads/2019/04/Gruppenfoto-1024x726.jpg" alt="" width="525" height="372" srcset="https://tig-immobilien.de/wp-content/uploads/2019/04/Gruppenfoto-1024x726.jpg 1024w, https://tig-immobilien.de/wp-content/uploads/2019/04/Gruppenfoto-300x213.jpg 300w, https://tig-immobilien.de/wp-content/uploads/2019/04/Gruppenfoto-768x544.jpg 768w" sizes="(max-width: 525px) 100vw, 525px" /></p>
<h4><em> </em><a href="https://tig-immobilien.de/?page_id=23"><strong>Unsere Geschichte</strong></a></h4>

<p>Christian Tellenbach Inhaber &amp; Geschäftsführer der Tellenbach Immobilien-Gruppe Inhaber &amp; Geschäftsführer der ProCon Grundbesitz GmbH &amp; CO. KG Inhaber &amp; Geschäftsführer der Christian Tellenbach Grundbesitz Norbert Schneck Geschäftsführer der Tellenbach Immobilien-Gruppe Geschäftsführer der Fa. Norbert Schneck e.K. Susanne Tellenbach Prokuristin ProCon Grundbesitz GmbH &amp; CO. KG Susanne Schneck Prokuristin ProCon Grundbesitz GmbH &amp; CO. KG &hellip; </p>
<p class="link-more"><a href="https://tig-immobilien.de/?page_id=20" class="more-link"><span class="screen-reader-text">„Über uns“</span> weiterlesen</a></p>
